 + 435*i - 4565. Give n(10).
-15
Let n(b) = 111*b - 2664. What is n(24)?
0
Let n(j) = -j**3 - 4*j**2 + 8*j + 6. Give n(-5).
-9
Let a(f) = -17*f**3 - 9*f**2 + 33*f - 21. Determine a(1).
-14
Let n(s) = -20*s - 312. What is n(-15)?
-12
Let l(z) = 26*z**2 + 44*z - 200. Give l(5).
670
Let q(y) = 541*y + 3739. Give q(-7).
-48
Let m(b) = -479*b**2 - 1920*b + 9. Calculate m(-4).
25
Let o(s) = -91*s**2 - 457*s - 10. Give o(-5).
0
Let w(h) = -206*h + 23702. Give w(115).
12
Let t(n) = n**2 + 48*n - 774. Determine t(13).
19
Let q(k) = k**2 + 131*k + 1701. Give q(-14).
63
Let z(c) = 135*c + 146. Calculate z(5).
821
Let t(c) = 5*c**3 + 4*c**2 - 6*c + 10. What is t(-5)?
-485
Let w(o) = -3*o**3 + 105*o**2 - 911*o - 12. Determine w(19).
7
Let c(w) = -147*w + 13844. Calculate c(94).
26
Let m(d) = -d**3 - 32*d**2 + 525*d + 39. Determine m(12).
3
Let s(g) = 2*g**2 + 60*g - 2009. Determine s(-50).
-9
Let x(u) = u**3 + 6*u**2 + 25*u + 26. Determine x(-8).
-302
Let n(m) = 126*m + 7432. What is n(-59)?
-2
Let l(s) = -2*s**3 - 4*s**2 + 461*s - 185. Determine l(14).
-3
Let j(h) = -24*h**2 + 27*h - 15. Determine j(2).
-57
Let k(r) = -60*r - 35. What is k(-4)?
205
Let z(n) = 3288*n + 9874. Calculate z(-3).
10
Let k(n) = 3*n**3 - 350*n**2 - 135*n + 2099. Give k(117).
-7
Let g(o) = -31*o**3 - 4*o**2 - 4*o + 5. Give g(1).
-34
Let b(f) = -f**2 - 2*f + 681. Calculate b(-29).
-102
Let b(c) = -c**2 - 9*c + 451. Determine b(-27).
-35
Let c(a) = -a**3 + 39*a**2 - a + 246. What is c(39)?
207
Let m(h) = 92*h + 1361. Give m(-15).
-19
Let m(p) = 20*p + 1295. What is m(-48)?
335
Let r(i) = 31*i + 1292. Calculate r(-42).
-10
Let s(j) = j**3 + 20*j**2 + 17*j + 13. Determine s(-19).
51
Let g(d) = -108*d - 17288. Give g(-160).
-8
Let u(b) = -3220*b + 9667. What is u(3)?
7
Let q(n) = 83*n - 52. Calculate q(0).
-52
Let c(i) = 60*i**3 - 1503*i**2 + 77*i - 53. Calculate c(25).
-3
Let o(l) = -l**2 - 6*l + 22. What is o(0)?
22
Let x(g) = g**2 - 1471*g - 16309. Give x(-11).
-7
Let f(r) = r**3 + 16*r**2 - 28*r - 152. Give f(-17).
35
Let g(z) = -z**3 + 39*z**2 - 7*z + 256. Give g(39).
-17
Let r(c) = -5*c**2 - 120*c + 1921. What is r(-35)?
-4
Let x(j) = 136*j - 7478. Calculate x(55).
2
Let h(c) = c**3 + 17*c**2 - 140*c - 2. Determine h(-23).
44
Let r(x) = -8*x**2 + 353*x - 58. Determine r(44).
-14
Let i(b) = -193*b + 988. Calculate i(5).
23
Let m(z) = -349*z - 2434. Calculate m(-7).
9
Let f(d) = -d - 114. Determine f(-94).
-20
Let x(v) = -v**3 + 2*v**2 + 11*v + 15. Determine x(-4).
67
Let q(p) = -p**2 - 16*p - 21. Determine q(-5).
34
Let z(g) = g**3 + 46*g**2 - 46*g - 14. What is z(-47)?
-61
Let w(y) = 84*y**2 + 2686*y - 65. Give w(-32).
-1
Let a(z) = 6*z**3 + 44*z**2 - 10*z - 1. Determine a(-4).
359
Let o(a) = -44*a**2 + 2860*a + 46. Determine o(65).
46
Let x(t) = 4736*t + 4753. What is x(-1)?
17
Let y(j) = -245*j - 1710. What is y(-7)?
5
Let h(i) = 59*i - 8. Calculate h(-1).
-67
Let x(y) = 259*y - 2880. Determine x(11).
-31
Let k(i) = 24*i**2 + 182*i - 47. What is k(-8)?
33
Let m(a) = -3*a**3 - 21*a**2 - 6*a - 9. Give m(-7).
33
Let p(x) = -x**2 - 10*x - 9. Determine p(-12).
-33
Let s(y) = -4*y**2 + 303*y - 213. What is s(75)?
12
Let n(k) = k**2 - 166*k + 205. What is n(0)?
205
Let n(m) = m**3 - m**2 + 7*m + 31. Determine n(-6).
-263
Let l(t) = 67*t + 28282. Determine l(-422).
8
Let p(g) = g**3 + 54*g**2 + 5*g + 80. Give p(-54).
-190
Let x(j) = -7*j**3 + 65*j**2 - 15*j + 13. Give x(9).
40
Let q(f) = 3*f**3 + 11*f**2 - 2*f - 31. Give q(-7).
-507
Let u(s) = -s**3 + 43*s**2 - 455*s - 41. What is u(18)?
-131
Let n(c) = -24*c - 188. Give n(-18).
244
Let c(m) = 28*m**2 - 70*m - 3. What is c(3)?
39
Let n(x) = -x**3 + 14*x**2 - 14*x - 24. What is n(10)?
236
Let m(i) = 857*i - 34288. Give m(40).
-8
Let l(d) = 320*d + 3205. Calculate l(-10).
5
Let l(n) = -102*n - 271. Give l(-3).
35
Let w(f) = -16*f + 45. Determine w(4).
-19
Let y(k) = -k**3 - 28*k**2 + 336*k - 16. Give y(9).
11
Let f(w) = 111*w + 12779. Calculate f(-115).
14
Let r(k) = -5*k**3 + 36*k**2 + 2*k - 19. Give r(7).
44
Let y(q) = -24*q**2 + 109*q - 3. Give y(5).
-58
Let f(p) = 21*p - 699. What is f(33)?
-6
Let s(c) = c**2 + 941*c - 76198. Calculate s(75).
2
Let p(l) = 18*l**2 + 1231*l + 495. Calculate p(-68).
19
Let i(c) = -390*c - 715. Determine i(-2).
65
Let n(s) = s**3 - 82*s**2 + 75*s + 351. Calculate n(81).
-135
Let j(k) = 17*k + 50. Calculate j(3).
101
Let k(o) = -o**3 + 15*o**2 - o - 24. Give k(15).
-39
Let c(h) = -342*h - 10623. Give c(-31).
-21
Let l(c) = 217*c**3 + 5*c**2 - 2. Determine l(1).
220
Let n(x) = -x**3 + 11*x**2 - 21*x + 217. Calculate n(10).
107
Let y(b) = -27*b - 1334. Determine y(-52).
70
Let u(i) = i**2 - 865*i + 12755. Calculate u(15).
5
Let u(k) = 5*k**2 + 45*k - 4553. Determine u(-35).
-3
Let t(s) = -163*s - 496. Determine t(-3).
-7
Let x(j) = -291*j + 47735. Calculate x(164).
11
Let l(m) = -4*m**3 - 54*m**2 - 181*m - 11. What is l(-8)?
29
Let p(h) = 4*h**2 - 302*h + 1265. Give p(71).
-13
Let n(c) = -c**3 - 20*c**2 + 99*c + 66. Determine n(-24).
-6
Let a(t) = t**3 - t**2 - 12*t - 37. Determine a(5).
3
Let p(g) = -36*g + 1119. Give p(22).
327
Let s(g) = -g**3 + 74*g**2 + 70*g + 12377. Determine s(77).
-20
Let d(s) = -s**2 + 171*s - 1458. Give d(9).
0
Let z(t) = 21*t - 1720. What is z(14)?
-1426
Let d(u) = 228*u - 5250. What is d(23)?
-6
Let z(a) = -a**2 - 8905*a + 8905. Determine z(1).
-1
Let f(b) = -b**3 - 15*b**2 + 21*b + 1. Calculate f(-16).
-79
Let i(a) = -289*a + 8960. Give i(31).
1
Let f(y) = -y**3 + 21*y**2 - 10*y - 168. Give f(20).
32
Let a(o) = 5*o**3 + 10*o**2 + 2*o - 20. Determine a(-4).
-188
Let u(s) = -28*s**2 + 11*s + 1. Determine u(-2).
-133
Let x(c) = c**3 - 4*c**2 + 782*c - 3925. Determine x(5).
10
Let p(u) = u**2 + 7*u - 39. Calculate p(-7).
-39
Let x(w) = -w**3 - 13*w**2 + 164*w - 85. What is x(-21)?
-1
Let g(p) = -96*p + 402. Determine g(4).
18
Let r(o) = -9*o**2 + 99*o + 205. Determine r(-2).
-29
Let q(b) = 80*b + 5452. Determine q(-67).
92
Let j(u) = 12*u**3 - 16*u**2 - 35*u - 14. What is j(-2)?
-104
Let j(y) = 3*y**3 + 49*y**2 + 14*y - 27. Give j(-16).
5
Let v(w) = 35*w**2 + 111*w - 2. Give v(-3).
-20
Let a(o) = -5*o**2 + 138*o + 368. Determine a(30).
8
Let c(u) = -u**2 - 47*u - 338. Calculate c(-9).
4
Let h(v) = 79*v - 12646. What is h(160)?
-6
Let m(b) = 42*b**2 - 39*b. Give m(1).
3
Let t(n) = -n**2 - 210*n + 6921. Determine t(29).
-10
Let d(y) = -13*y**3 + 5*y**2 + 216*y - 13. What is d(-4)?
35
Let s(r) = -72*r - 1124. What is s(-25)?
676
Let x(j) = j**2 - 13*j + 17. Give x(14).
31
Let c(b) = b**3 + 13*b**2 + 586*b + 3261. Determine c(-6).
-3
Let w(p) = 2*p**3 - 100*p**2 - 10*p + 473. Determine w(50).
-27
Let l(i) = -i**3 + 14*i**2 - 23*i - 29. Determine l(12).
-17
Let y(s) = -6*s**3 - 77*s - 77. Give y(-1).
6
Let g(t) = t**2 + 203*t + 6648. Give g(-41).
6
Let j(o) = -o**2 + 322*o - 1275. Calculate j(4).
-3
Let r(v) = -16*v + 17. Give r(-9).
161
Let b(z) = -325*z + 1307. Give b(4).
7
Let b(w) = -w**2 - 7*w + 33. What is b(-19)?
-195
Let b(c) = -2128*c + 14893. Calculate b(7).
-3
Let h(r) = -259*r + 1337. What is h(5)?
42
Let m(h) = -37*h + 817. Give m(20).
77
Let v(c) = -64*c + 504. Give v(8).
-8
Let u(k) = -3*k**3 + 65*k**2 + 14*k + 92. Determine u(22).
-84
Let m(r) = r**2 + 46*r - 776. Determine m(13).
-9
Let p(w) = 4*w**2 + 15*w - 75. What is p(-8)?
61
Let s(l) = 37*l**2 - 24*l - 7. Give s(6).
1181
Let q(t) = -11*t**2 - 89*t - 14. What is q(-8)?
-6
Let f(n) = 6*n**2 - 108*n + 481. Give f(9).
-5
Let q(a) = 5*a**3 + 96*a**2 + 24*a + 28. Calculate q(-19).
-67
Let a(z) = -z**3 + 6*z**2 + 11*z + 36. What is a(6)?
102
Let m(c) = -503*c - 62372. Give m(-124).
0
Let b(v) = -4*v**2 - 82*v - 237. What is b(-3)?
-27
Let z(i) = -i**3 + 98*i**2 - 549*i - 23. What is z(6)?
-5
Let j(p) = 2*p**2 + 11*p - 71. Give j(-9).
-8
Let v(s) = -4*s**3 + 46*s**2 - 31*s + 31. Determine v(11).
-68
Let n(c) = -59*c**3 + 4*c**2 + 2*c - 1. What is n(-1)?
60
Let o(g) = 4*g + 18. Calculate o(-8).
-14
Let d(i) = i**3 - 100*i**2 + 546*i + 110. Calculate d(6).
2
Let f(s) = -147*s - 5739. What is f(-39)?
-6
Let d(s) = -s**2 + 163*s - 1392. Calculate d(9).
-6
Let a(y) = y**3 + 76*y**2 + 161*y + 968. Determine a(-74).
6
Let v(t) = 2*t**2 + 53*t - 159. What is v(-29)?
-14
Let y(b) = -b**2 - 106*b - 1046. Determine y(-9).
-173
